{"id":325,"date":"2024-07-06T11:17:38","date_gmt":"2024-07-06T14:17:38","guid":{"rendered":"http:\/\/localhost\/site_lastnet\/?page_id=325"},"modified":"2025-06-14T11:31:46","modified_gmt":"2025-06-14T14:31:46","slug":"musica","status":"publish","type":"page","link":"https:\/\/contemplaconsorcios.com.br\/lastnet\/musica\/","title":{"rendered":"M\u00fasica"},"content":{"rendered":"\t\t<div data-elementor-type=\"wp-page\" data-elementor-id=\"325\" class=\"elementor elementor-325\">\n\t\t\t\t\t\t<section class=\"elementor-section elementor-top-section elementor-element elementor-element-7068c4d8 elementor-section-boxed elementor-section-height-default elementor-section-height-default\" data-id=\"7068c4d8\" data-element_type=\"section\" data-settings=\"{&quot;background_background&quot;:&quot;classic&quot;}\">\n\t\t\t\t\t\t\t<div class=\"elementor-background-overlay\"><\/div>\n\t\t\t\t\t\t\t<div class=\"elementor-container elementor-column-gap-default\">\n\t\t\t\t\t<div class=\"elementor-column elementor-col-100 elementor-top-column elementor-element elementor-element-796de3f8\" data-id=\"796de3f8\" data-element_type=\"column\">\n\t\t\t<div class=\"elementor-widget-wrap elementor-element-populated\">\n\t\t\t\t\t\t<div class=\"elementor-element elementor-element-eaa3bc6 elementor-invisible elementor-widget elementor-widget-heading\" data-id=\"eaa3bc6\" data-element_type=\"widget\" data-settings=\"{&quot;_animation&quot;:&quot;fadeInUp&quot;}\" data-widget_type=\"heading.default\">\n\t\t\t\t<div class=\"elementor-widget-container\">\n\t\t\t\t\t<h2 class=\"elementor-heading-title elementor-size-default\">Bora curtir<\/h2>\t\t\t\t<\/div>\n\t\t\t\t<\/div>\n\t\t\t\t<div class=\"elementor-element elementor-element-6256ec2 elementor-widget elementor-widget-image\" data-id=\"6256ec2\" data-element_type=\"widget\" data-widget_type=\"image.default\">\n\t\t\t\t<div class=\"elementor-widget-container\">\n\t\t\t\t\t\t\t\t\t\t\t\t\t\t\t<img decoding=\"async\" width=\"300\" height=\"83\" src=\"https:\/\/contemplaconsorcios.com.br\/lastnet\/wp-content\/uploads\/2024\/04\/deezer.png\" class=\"attachment-large size-large wp-image-198\" alt=\"\" \/>\t\t\t\t\t\t\t\t\t\t\t\t\t\t\t<\/div>\n\t\t\t\t<\/div>\n\t\t\t\t\t<\/div>\n\t\t<\/div>\n\t\t\t\t\t<\/div>\n\t\t<\/section>\n\t\t<div class=\"elementor-element elementor-element-0906be9 e-flex e-con-boxed e-con e-parent\" data-id=\"0906be9\" data-element_type=\"container\">\n\t\t\t\t\t<div class=\"e-con-inner\">\n\t\t\t\t<div class=\"elementor-element elementor-element-ba9e0a8 elementor-widget elementor-widget-heading\" data-id=\"ba9e0a8\" data-element_type=\"widget\" data-widget_type=\"heading.default\">\n\t\t\t\t<div class=\"elementor-widget-container\">\n\t\t\t\t\t<h2 class=\"elementor-heading-title elementor-size-default\">voc\u00ea que \u00e9 cliente Lastnet? <br>Temos uma excelente not\u00edcia! <br><br>para voc\u00ea o App \"Deezer\" \u00e9 Gr\u00e1tis!<\/h2>\t\t\t\t<\/div>\n\t\t\t\t<\/div>\n\t\t\t\t<div class=\"elementor-element elementor-element-10bf57d elementor-mobile-align-center elementor-align-center elementor-widget elementor-widget-button\" data-id=\"10bf57d\" data-element_type=\"widget\" data-widget_type=\"button.default\">\n\t\t\t\t<div class=\"elementor-widget-container\">\n\t\t\t\t\t\t\t\t\t<div class=\"elementor-button-wrapper\">\n\t\t\t\t\t<a class=\"elementor-button elementor-button-link elementor-size-lg\" href=\"https:\/\/wa.me\/555421241500\" target=\"_blank\">\n\t\t\t\t\t\t<span class=\"elementor-button-content-wrapper\">\n\t\t\t\t\t\t\t\t\t<span class=\"elementor-button-text\">SOLICITE AGORA  O SEU!<\/span>\n\t\t\t\t\t<\/span>\n\t\t\t\t\t<\/a>\n\t\t\t\t<\/div>\n\t\t\t\t\t\t\t\t<\/div>\n\t\t\t\t<\/div>\n\t\t\t\t\t<\/div>\n\t\t\t\t<\/div>\n\t\t\t\t<\/div>\n\t\t","protected":false},"excerpt":{"rendered":"<p>Bora curtir voc\u00ea que \u00e9 cliente Lastnet? Temos uma excelente not\u00edcia! para voc\u00ea o App &#8220;Deezer&#8221; \u00e9 Gr\u00e1tis! SOLICITE AGORA O SEU!<\/p>\n","protected":false},"author":1,"featured_media":0,"parent":0,"menu_order":0,"comment_status":"closed","ping_status":"closed","template":"","meta":{"_joinchat":[],"footnotes":""},"class_list":["post-325","page","type-page","status-publish","hentry"],"_links":{"self":[{"href":"https:\/\/contemplaconsorcios.com.br\/lastnet\/wp-json\/wp\/v2\/pages\/325","targetHints":{"allow":["GET"]}}],"collection":[{"href":"https:\/\/contemplaconsorcios.com.br\/lastnet\/wp-json\/wp\/v2\/pages"}],"about":[{"href":"https:\/\/contemplaconsorcios.com.br\/lastnet\/wp-json\/wp\/v2\/types\/page"}],"author":[{"embeddable":true,"href":"https:\/\/contemplaconsorcios.com.br\/lastnet\/wp-json\/wp\/v2\/users\/1"}],"replies":[{"embeddable":true,"href":"https:\/\/contemplaconsorcios.com.br\/lastnet\/wp-json\/wp\/v2\/comments?post=325"}],"version-history":[{"count":13,"href":"https:\/\/contemplaconsorcios.com.br\/lastnet\/wp-json\/wp\/v2\/pages\/325\/revisions"}],"predecessor-version":[{"id":798,"href":"https:\/\/contemplaconsorcios.com.br\/lastnet\/wp-json\/wp\/v2\/pages\/325\/revisions\/798"}],"wp:attachment":[{"href":"https:\/\/contemplaconsorcios.com.br\/lastnet\/wp-json\/wp\/v2\/media?parent=325"}],"curies":[{"name":"wp","href":"https:\/\/api.w.org\/{rel}","templated":true}]}}