{"id":348,"date":"2024-07-06T11:39:31","date_gmt":"2024-07-06T14:39:31","guid":{"rendered":"http:\/\/localhost\/site_lastnet\/?page_id=348"},"modified":"2025-06-14T11:23:38","modified_gmt":"2025-06-14T14:23:38","slug":"quem_somos","status":"publish","type":"page","link":"https:\/\/contemplaconsorcios.com.br\/lastnet\/quem_somos\/","title":{"rendered":"Quem Somos"},"content":{"rendered":"\t\t<div data-elementor-type=\"wp-page\" data-elementor-id=\"348\" class=\"elementor elementor-348\">\n\t\t\t\t\t\t<section class=\"elementor-section elementor-top-section elementor-element elementor-element-7068c4d8 elementor-section-boxed elementor-section-height-default elementor-section-height-default\" data-id=\"7068c4d8\" data-element_type=\"section\" data-settings=\"{&quot;background_background&quot;:&quot;classic&quot;}\">\n\t\t\t\t\t\t\t<div class=\"elementor-background-overlay\"><\/div>\n\t\t\t\t\t\t\t<div class=\"elementor-container elementor-column-gap-default\">\n\t\t\t\t\t<div class=\"elementor-column elementor-col-100 elementor-top-column elementor-element elementor-element-796de3f8\" data-id=\"796de3f8\" data-element_type=\"column\">\n\t\t\t<div class=\"elementor-widget-wrap elementor-element-populated\">\n\t\t\t\t\t\t<div class=\"elementor-element elementor-element-51ff4ff5 elementor-invisible elementor-widget elementor-widget-heading\" data-id=\"51ff4ff5\" data-element_type=\"widget\" data-settings=\"{&quot;_animation&quot;:&quot;fadeInDown&quot;}\" data-widget_type=\"heading.default\">\n\t\t\t\t<div class=\"elementor-widget-container\">\n\t\t\t\t\t<h2 class=\"elementor-heading-title elementor-size-default\">Conectando Voc\u00ea ao Futuro, Com Qualidade e Confian\u00e7a.<\/h2>\t\t\t\t<\/div>\n\t\t\t\t<\/div>\n\t\t\t\t<div class=\"elementor-element elementor-element-36af48e elementor-widget elementor-widget-text-editor\" data-id=\"36af48e\" data-element_type=\"widget\" data-widget_type=\"text-editor.default\">\n\t\t\t\t<div class=\"elementor-widget-container\">\n\t\t\t\t\t\t\t\t\t<p>Mais do que um provedor, somos seus parceiros em<\/p><p>conectividade e entretenimento.<\/p>\t\t\t\t\t\t\t\t<\/div>\n\t\t\t\t<\/div>\n\t\t\t\t\t<\/div>\n\t\t<\/div>\n\t\t\t\t\t<\/div>\n\t\t<\/section>\n\t\t<div class=\"elementor-element elementor-element-6cb17f4 e-flex e-con-boxed e-con e-parent\" data-id=\"6cb17f4\" data-element_type=\"container\">\n\t\t\t\t\t<div class=\"e-con-inner\">\n\t\t<div class=\"elementor-element elementor-element-5cbcca0 e-con-full e-flex e-con e-child\" data-id=\"5cbcca0\" data-element_type=\"container\">\n\t\t\t\t<div class=\"elementor-element elementor-element-9765d71 elementor-widget elementor-widget-image\" data-id=\"9765d71\" data-element_type=\"widget\" data-widget_type=\"image.default\">\n\t\t\t\t<div class=\"elementor-widget-container\">\n\t\t\t\t\t\t\t\t\t\t\t\t\t\t\t<img fetchpriority=\"high\" decoding=\"async\" width=\"800\" height=\"800\" src=\"https:\/\/contemplaconsorcios.com.br\/lastnet\/wp-content\/uploads\/2025\/06\/pessoas2.png\" class=\"attachment-large size-large wp-image-755\" alt=\"\" srcset=\"https:\/\/contemplaconsorcios.com.br\/lastnet\/wp-content\/uploads\/2025\/06\/pessoas2.png 800w, https:\/\/contemplaconsorcios.com.br\/lastnet\/wp-content\/uploads\/2025\/06\/pessoas2-300x300.png 300w, https:\/\/contemplaconsorcios.com.br\/lastnet\/wp-content\/uploads\/2025\/06\/pessoas2-150x150.png 150w, https:\/\/contemplaconsorcios.com.br\/lastnet\/wp-content\/uploads\/2025\/06\/pessoas2-768x768.png 768w, https:\/\/contemplaconsorcios.com.br\/lastnet\/wp-content\/uploads\/2025\/06\/pessoas2-600x600.png 600w, https:\/\/contemplaconsorcios.com.br\/lastnet\/wp-content\/uploads\/2025\/06\/pessoas2-100x100.png 100w\" sizes=\"(max-width: 800px) 100vw, 800px\" \/>\t\t\t\t\t\t\t\t\t\t\t\t\t\t\t<\/div>\n\t\t\t\t<\/div>\n\t\t\t\t<\/div>\n\t\t<div class=\"elementor-element elementor-element-f9d31b9 e-con-full e-flex e-con e-child\" data-id=\"f9d31b9\" data-element_type=\"container\">\n\t\t\t\t<div class=\"elementor-element elementor-element-dd1491a elementor-widget elementor-widget-text-editor\" data-id=\"dd1491a\" data-element_type=\"widget\" data-widget_type=\"text-editor.default\">\n\t\t\t\t<div class=\"elementor-widget-container\">\n\t\t\t\t\t\t\t\t\t<p>A <strong>LastNet Telecom<\/strong> nasceu com um prop\u00f3sito claro: levar o melhor da internet e do entretenimento para a casa e a empresa das pessoas em <strong>Bento Gon\u00e7alves e regi\u00e3o<\/strong>.<\/p><p>Vimos a necessidade de uma conex\u00e3o mais <strong>r\u00e1pida, est\u00e1vel e confi\u00e1vel<\/strong>, e nos dedicamos a construir uma infraestrutura de <strong>fibra \u00f3ptica de ponta<\/strong> que realmente fizesse a diferen\u00e7a. Desde o primeiro dia, nosso compromisso \u00e9 com a inova\u00e7\u00e3o, a qualidade do servi\u00e7o e, acima de tudo, a <strong>satisfa\u00e7\u00e3o dos nossos clientes<\/strong>.<\/p>\t\t\t\t\t\t\t\t<\/div>\n\t\t\t\t<\/div>\n\t\t\t\t<\/div>\n\t\t\t\t\t<\/div>\n\t\t\t\t<\/div>\n\t\t\t\t<section class=\"elementor-section elementor-top-section elementor-element elementor-element-cb81fef elementor-section-boxed elementor-section-height-default elementor-section-height-default\" data-id=\"cb81fef\" data-element_type=\"section\" data-settings=\"{&quot;background_background&quot;:&quot;classic&quot;}\">\n\t\t\t\t\t\t\t<div class=\"elementor-background-overlay\"><\/div>\n\t\t\t\t\t\t\t<div class=\"elementor-container elementor-column-gap-default\">\n\t\t\t\t\t<div class=\"elementor-column elementor-col-25 elementor-top-column elementor-element elementor-element-a5cdbb1\" data-id=\"a5cdbb1\" data-element_type=\"column\" data-settings=\"{&quot;background_background&quot;:&quot;classic&quot;}\">\n\t\t\t<div class=\"elementor-widget-wrap elementor-element-populated\">\n\t\t\t\t<div class=\"elementor-element elementor-element-b077ff7 e-con-full e-flex e-con e-parent\" data-id=\"b077ff7\" data-element_type=\"container\">\n\t\t\t\t<div class=\"elementor-element elementor-element-aa97c5c elementor-widget__width-initial elementor-view-default elementor-position-top elementor-mobile-position-top elementor-widget elementor-widget-icon-box\" data-id=\"aa97c5c\" data-element_type=\"widget\" data-widget_type=\"icon-box.default\">\n\t\t\t\t<div class=\"elementor-widget-container\">\n\t\t\t\t\t\t\t<div class=\"elementor-icon-box-wrapper\">\n\n\t\t\t\t\t\t<div class=\"elementor-icon-box-icon\">\n\t\t\t\t<span  class=\"elementor-icon\">\n\t\t\t\t<i aria-hidden=\"true\" class=\"material-icons md-moving\" data-md-icon=\"moving\"><\/i>\t\t\t\t<\/span>\n\t\t\t<\/div>\n\t\t\t\n\t\t\t\t\t\t<div class=\"elementor-icon-box-content\">\n\n\t\t\t\t\t\t\t\t\t<h5 class=\"elementor-icon-box-title\">\n\t\t\t\t\t\t<span  >\n\t\t\t\t\t\t\tQualidade e Excel\u00eancia\t\t\t\t\t\t<\/span>\n\t\t\t\t\t<\/h5>\n\t\t\t\t\n\t\t\t\t\t\t\t\t\t<p class=\"elementor-icon-box-description\">\n\t\t\t\t\t\tBuscamos a perfei\u00e7\u00e3o em cada megabit e em cada atendimento. Nossa fibra \u00f3ptica e nosso suporte s\u00e3o sin\u00f4nimos de alta performance e confiabilidade, garantindo que voc\u00ea tenha o melhor sempre.\t\t\t\t\t<\/p>\n\t\t\t\t\n\t\t\t<\/div>\n\t\t\t\n\t\t<\/div>\n\t\t\t\t\t\t<\/div>\n\t\t\t\t<\/div>\n\t\t\t\t<\/div>\n\t\t\t\t\t<\/div>\n\t\t<\/div>\n\t\t\t\t<div class=\"elementor-column elementor-col-25 elementor-top-column elementor-element elementor-element-f9b186f\" data-id=\"f9b186f\" data-element_type=\"column\" data-settings=\"{&quot;background_background&quot;:&quot;classic&quot;}\">\n\t\t\t<div class=\"elementor-widget-wrap elementor-element-populated\">\n\t\t\t\t<div class=\"elementor-element elementor-element-ded38e0 e-flex e-con-boxed e-con e-parent\" data-id=\"ded38e0\" data-element_type=\"container\">\n\t\t\t\t\t<div class=\"e-con-inner\">\n\t\t\t\t<div class=\"elementor-element elementor-element-9b27b47 elementor-widget__width-initial elementor-view-default elementor-position-top elementor-mobile-position-top elementor-widget elementor-widget-icon-box\" data-id=\"9b27b47\" data-element_type=\"widget\" data-widget_type=\"icon-box.default\">\n\t\t\t\t<div class=\"elementor-widget-container\">\n\t\t\t\t\t\t\t<div class=\"elementor-icon-box-wrapper\">\n\n\t\t\t\t\t\t<div class=\"elementor-icon-box-icon\">\n\t\t\t\t<span  class=\"elementor-icon\">\n\t\t\t\t<i aria-hidden=\"true\" class=\" ti-face-smile\"><\/i>\t\t\t\t<\/span>\n\t\t\t<\/div>\n\t\t\t\n\t\t\t\t\t\t<div class=\"elementor-icon-box-content\">\n\n\t\t\t\t\t\t\t\t\t<h5 class=\"elementor-icon-box-title\">\n\t\t\t\t\t\t<span  >\n\t\t\t\t\t\t\tFoco no Cliente\t\t\t\t\t\t<\/span>\n\t\t\t\t\t<\/h5>\n\t\t\t\t\n\t\t\t\t\t\t\t\t\t<p class=\"elementor-icon-box-description\">\n\t\t\t\t\t\tVoc\u00ea \u00e9 a nossa prioridade. Oferecemos um atendimento humano, \u00e1gil e eficiente, porque sua satisfa\u00e7\u00e3o e sua experi\u00eancia s\u00e3o a nossa maior recompensa.\t\t\t\t\t<\/p>\n\t\t\t\t\n\t\t\t<\/div>\n\t\t\t\n\t\t<\/div>\n\t\t\t\t\t\t<\/div>\n\t\t\t\t<\/div>\n\t\t\t\t\t<\/div>\n\t\t\t\t<\/div>\n\t\t\t\t\t<\/div>\n\t\t<\/div>\n\t\t\t\t<div class=\"elementor-column elementor-col-25 elementor-top-column elementor-element elementor-element-561b297\" data-id=\"561b297\" data-element_type=\"column\" data-settings=\"{&quot;background_background&quot;:&quot;classic&quot;}\">\n\t\t\t<div class=\"elementor-widget-wrap elementor-element-populated\">\n\t\t\t\t<div class=\"elementor-element elementor-element-db213eb e-flex e-con-boxed e-con e-parent\" data-id=\"db213eb\" data-element_type=\"container\">\n\t\t\t\t\t<div class=\"e-con-inner\">\n\t\t\t\t<div class=\"elementor-element elementor-element-49c43af elementor-widget__width-initial elementor-view-default elementor-position-top elementor-mobile-position-top elementor-widget elementor-widget-icon-box\" data-id=\"49c43af\" data-element_type=\"widget\" data-widget_type=\"icon-box.default\">\n\t\t\t\t<div class=\"elementor-widget-container\">\n\t\t\t\t\t\t\t<div class=\"elementor-icon-box-wrapper\">\n\n\t\t\t\t\t\t<div class=\"elementor-icon-box-icon\">\n\t\t\t\t<span  class=\"elementor-icon\">\n\t\t\t\t<i aria-hidden=\"true\" class=\" ti-medall\"><\/i>\t\t\t\t<\/span>\n\t\t\t<\/div>\n\t\t\t\n\t\t\t\t\t\t<div class=\"elementor-icon-box-content\">\n\n\t\t\t\t\t\t\t\t\t<h5 class=\"elementor-icon-box-title\">\n\t\t\t\t\t\t<span  >\n\t\t\t\t\t\t\tTranspar\u00eancia e Confian\u00e7a\t\t\t\t\t\t<\/span>\n\t\t\t\t\t<\/h5>\n\t\t\t\t\n\t\t\t\t\t\t\t\t\t<p class=\"elementor-icon-box-description\">\n\t\t\t\t\t\tConstru\u00edmos rela\u00e7\u00f5es duradouras baseadas na clareza, na \u00e9tica e no respeito. Nossos compromissos s\u00e3o claros, e nossa palavra vale.\t\t\t\t\t<\/p>\n\t\t\t\t\n\t\t\t<\/div>\n\t\t\t\n\t\t<\/div>\n\t\t\t\t\t\t<\/div>\n\t\t\t\t<\/div>\n\t\t\t\t\t<\/div>\n\t\t\t\t<\/div>\n\t\t\t\t\t<\/div>\n\t\t<\/div>\n\t\t\t\t<div class=\"elementor-column elementor-col-25 elementor-top-column elementor-element elementor-element-121ce5b\" data-id=\"121ce5b\" data-element_type=\"column\" data-settings=\"{&quot;background_background&quot;:&quot;classic&quot;}\">\n\t\t\t<div class=\"elementor-widget-wrap elementor-element-populated\">\n\t\t\t\t<div class=\"elementor-element elementor-element-622c336 e-flex e-con-boxed e-con e-parent\" data-id=\"622c336\" data-element_type=\"container\">\n\t\t\t\t\t<div class=\"e-con-inner\">\n\t\t\t\t<div class=\"elementor-element elementor-element-f85365d elementor-widget__width-initial elementor-view-default elementor-position-top elementor-mobile-position-top elementor-widget elementor-widget-icon-box\" data-id=\"f85365d\" data-element_type=\"widget\" data-widget_type=\"icon-box.default\">\n\t\t\t\t<div class=\"elementor-widget-container\">\n\t\t\t\t\t\t\t<div class=\"elementor-icon-box-wrapper\">\n\n\t\t\t\t\t\t<div class=\"elementor-icon-box-icon\">\n\t\t\t\t<span  class=\"elementor-icon\">\n\t\t\t\t<i aria-hidden=\"true\" class=\"icon icon-idea1\"><\/i>\t\t\t\t<\/span>\n\t\t\t<\/div>\n\t\t\t\n\t\t\t\t\t\t<div class=\"elementor-icon-box-content\">\n\n\t\t\t\t\t\t\t\t\t<h5 class=\"elementor-icon-box-title\">\n\t\t\t\t\t\t<span  >\n\t\t\t\t\t\t\tInova\u00e7\u00e3o Constante\t\t\t\t\t\t<\/span>\n\t\t\t\t\t<\/h5>\n\t\t\t\t\n\t\t\t\t\t\t\t\t\t<p class=\"elementor-icon-box-description\">\n\t\t\t\t\t\tEstamos sempre \u00e0 frente, investindo nas tecnologias mais avan\u00e7adas para oferecer solu\u00e7\u00f5es que superam as expectativas e mant\u00eam voc\u00ea conectado ao futuro.\t\t\t\t\t<\/p>\n\t\t\t\t\n\t\t\t<\/div>\n\t\t\t\n\t\t<\/div>\n\t\t\t\t\t\t<\/div>\n\t\t\t\t<\/div>\n\t\t\t\t\t<\/div>\n\t\t\t\t<\/div>\n\t\t\t\t\t<\/div>\n\t\t<\/div>\n\t\t\t\t\t<\/div>\n\t\t<\/section>\n\t\t<div class=\"elementor-element elementor-element-11f43c7 e-flex e-con-boxed e-con e-parent\" data-id=\"11f43c7\" data-element_type=\"container\">\n\t\t\t\t\t<div class=\"e-con-inner\">\n\t\t<div class=\"elementor-element elementor-element-8094085 e-con-full e-flex e-con e-child\" data-id=\"8094085\" data-element_type=\"container\">\n\t\t\t\t<div class=\"elementor-element elementor-element-678473d elementor-widget elementor-widget-heading\" data-id=\"678473d\" data-element_type=\"widget\" data-widget_type=\"heading.default\">\n\t\t\t\t<div class=\"elementor-widget-container\">\n\t\t\t\t\t<h3 class=\"elementor-heading-title elementor-size-default\">Quem Faz A LastNet Acontecer: Nosso Time.<\/h3>\t\t\t\t<\/div>\n\t\t\t\t<\/div>\n\t\t\t\t<div class=\"elementor-element elementor-element-56122e4 elementor-widget elementor-widget-text-editor\" data-id=\"56122e4\" data-element_type=\"widget\" data-widget_type=\"text-editor.default\">\n\t\t\t\t<div class=\"elementor-widget-container\">\n\t\t\t\t\t\t\t\t\t<p>Por tr\u00e1s de cada conex\u00e3o de alta velocidade, existe uma equipe de <strong>profissionais apaixonados e altamente qualificados<\/strong>.<\/p><p>Do atendimento ao cliente aos t\u00e9cnicos especializados em campo, cada membro da LastNet trabalha com dedica\u00e7\u00e3o para garantir que voc\u00ea tenha a melhor experi\u00eancia. Somos uma fam\u00edlia que cresce e evolui junto com a tecnologia, sempre pronta para te atender.<\/p>\t\t\t\t\t\t\t\t<\/div>\n\t\t\t\t<\/div>\n\t\t\t\t<\/div>\n\t\t<div class=\"elementor-element elementor-element-bb7e425 e-con-full e-flex e-con e-child\" data-id=\"bb7e425\" data-element_type=\"container\">\n\t\t\t\t<div class=\"elementor-element elementor-element-e444632 elementor-widget elementor-widget-image\" data-id=\"e444632\" data-element_type=\"widget\" data-widget_type=\"image.default\">\n\t\t\t\t<div class=\"elementor-widget-container\">\n\t\t\t\t\t\t\t\t\t\t\t\t\t\t\t<img decoding=\"async\" width=\"800\" height=\"800\" src=\"https:\/\/contemplaconsorcios.com.br\/lastnet\/wp-content\/uploads\/2025\/06\/equipe_suporte-1024x1024.png\" class=\"attachment-large size-large wp-image-611\" alt=\"\" srcset=\"https:\/\/contemplaconsorcios.com.br\/lastnet\/wp-content\/uploads\/2025\/06\/equipe_suporte-1024x1024.png 1024w, https:\/\/contemplaconsorcios.com.br\/lastnet\/wp-content\/uploads\/2025\/06\/equipe_suporte-300x300.png 300w, https:\/\/contemplaconsorcios.com.br\/lastnet\/wp-content\/uploads\/2025\/06\/equipe_suporte-150x150.png 150w, https:\/\/contemplaconsorcios.com.br\/lastnet\/wp-content\/uploads\/2025\/06\/equipe_suporte-768x768.png 768w, https:\/\/contemplaconsorcios.com.br\/lastnet\/wp-content\/uploads\/2025\/06\/equipe_suporte-600x600.png 600w, https:\/\/contemplaconsorcios.com.br\/lastnet\/wp-content\/uploads\/2025\/06\/equipe_suporte-100x100.png 100w, https:\/\/contemplaconsorcios.com.br\/lastnet\/wp-content\/uploads\/2025\/06\/equipe_suporte.png 1200w\" sizes=\"(max-width: 800px) 100vw, 800px\" \/>\t\t\t\t\t\t\t\t\t\t\t\t\t\t\t<\/div>\n\t\t\t\t<\/div>\n\t\t\t\t<\/div>\n\t\t\t\t\t<\/div>\n\t\t\t\t<\/div>\n\t\t<div class=\"elementor-element elementor-element-8230e1c e-flex e-con-boxed e-con e-parent\" data-id=\"8230e1c\" data-element_type=\"container\" data-settings=\"{&quot;background_background&quot;:&quot;classic&quot;}\">\n\t\t\t\t\t<div class=\"e-con-inner\">\n\t\t<div class=\"elementor-element elementor-element-e202b02 e-con-full e-flex e-con e-child\" data-id=\"e202b02\" data-element_type=\"container\">\n\t\t\t\t<div class=\"elementor-element elementor-element-2681a89 elementor-widget elementor-widget-image\" data-id=\"2681a89\" data-element_type=\"widget\" data-widget_type=\"image.default\">\n\t\t\t\t<div class=\"elementor-widget-container\">\n\t\t\t\t\t\t\t\t\t\t\t\t\t\t\t<img decoding=\"async\" width=\"800\" height=\"800\" src=\"https:\/\/contemplaconsorcios.com.br\/lastnet\/wp-content\/uploads\/2025\/06\/pessoa_maos.jpg\" class=\"attachment-large size-large wp-image-612\" alt=\"\" srcset=\"https:\/\/contemplaconsorcios.com.br\/lastnet\/wp-content\/uploads\/2025\/06\/pessoa_maos.jpg 800w, https:\/\/contemplaconsorcios.com.br\/lastnet\/wp-content\/uploads\/2025\/06\/pessoa_maos-300x300.jpg 300w, https:\/\/contemplaconsorcios.com.br\/lastnet\/wp-content\/uploads\/2025\/06\/pessoa_maos-150x150.jpg 150w, https:\/\/contemplaconsorcios.com.br\/lastnet\/wp-content\/uploads\/2025\/06\/pessoa_maos-768x768.jpg 768w, https:\/\/contemplaconsorcios.com.br\/lastnet\/wp-content\/uploads\/2025\/06\/pessoa_maos-600x600.jpg 600w, https:\/\/contemplaconsorcios.com.br\/lastnet\/wp-content\/uploads\/2025\/06\/pessoa_maos-100x100.jpg 100w\" sizes=\"(max-width: 800px) 100vw, 800px\" \/>\t\t\t\t\t\t\t\t\t\t\t\t\t\t\t<\/div>\n\t\t\t\t<\/div>\n\t\t\t\t<\/div>\n\t\t<div class=\"elementor-element elementor-element-2ffd609 e-con-full e-flex e-con e-child\" data-id=\"2ffd609\" data-element_type=\"container\">\n\t\t\t\t<div class=\"elementor-element elementor-element-ff0dc23 elementor-widget elementor-widget-heading\" data-id=\"ff0dc23\" data-element_type=\"widget\" data-widget_type=\"heading.default\">\n\t\t\t\t<div class=\"elementor-widget-container\">\n\t\t\t\t\t<h3 class=\"elementor-heading-title elementor-size-default\">Fa\u00e7a Parte da Fam\u00edlia LastNet!<\/h3>\t\t\t\t<\/div>\n\t\t\t\t<\/div>\n\t\t\t\t<div class=\"elementor-element elementor-element-46a0c4e elementor-widget elementor-widget-text-editor\" data-id=\"46a0c4e\" data-element_type=\"widget\" data-widget_type=\"text-editor.default\">\n\t\t\t\t<div class=\"elementor-widget-container\">\n\t\t\t\t\t\t\t\t\t<p>Convidamos voc\u00ea a experimentar a diferen\u00e7a de uma conex\u00e3o que tem hist\u00f3ria, valores e um time dedicado.&nbsp;<\/p><p>Junte-se aos milhares de clientes satisfeitos que escolheram a LastNet para suas necessidades de internet, TV e telefonia.<\/p>\t\t\t\t\t\t\t\t<\/div>\n\t\t\t\t<\/div>\n\t\t\t\t<div class=\"elementor-element elementor-element-e23d88b elementor-align-center elementor-widget elementor-widget-button\" data-id=\"e23d88b\" data-element_type=\"widget\" data-widget_type=\"button.default\">\n\t\t\t\t<div class=\"elementor-widget-container\">\n\t\t\t\t\t\t\t\t\t<div class=\"elementor-button-wrapper\">\n\t\t\t\t\t<a class=\"elementor-button elementor-button-link elementor-size-md\" href=\"https:\/\/wa.me\/555421241500\" target=\"_blank\">\n\t\t\t\t\t\t<span class=\"elementor-button-content-wrapper\">\n\t\t\t\t\t\t<span class=\"elementor-button-icon\">\n\t\t\t\t<i aria-hidden=\"true\" class=\"material-icons md-navigate_next\" data-md-icon=\"navigate_next\"><\/i>\t\t\t<\/span>\n\t\t\t\t\t\t\t\t\t<span class=\"elementor-button-text\">Assine agora e conecte-se<\/span>\n\t\t\t\t\t<\/span>\n\t\t\t\t\t<\/a>\n\t\t\t\t<\/div>\n\t\t\t\t\t\t\t\t<\/div>\n\t\t\t\t<\/div>\n\t\t\t\t<\/div>\n\t\t\t\t\t<\/div>\n\t\t\t\t<\/div>\n\t\t\t\t<\/div>\n\t\t","protected":false},"excerpt":{"rendered":"<p>Conectando Voc\u00ea ao Futuro, Com Qualidade e Confian\u00e7a. Mais do que um provedor, somos seus parceiros em conectividade e entretenimento. A LastNet Telecom nasceu com um prop\u00f3sito claro: levar o melhor da internet e do entretenimento para a casa e a empresa das pessoas em Bento Gon\u00e7alves e regi\u00e3o. Vimos a necessidade de uma conex\u00e3o [&hellip;]<\/p>\n","protected":false},"author":1,"featured_media":0,"parent":0,"menu_order":0,"comment_status":"closed","ping_status":"closed","template":"","meta":{"_joinchat":[],"footnotes":""},"class_list":["post-348","page","type-page","status-publish","hentry"],"_links":{"self":[{"href":"https:\/\/contemplaconsorcios.com.br\/lastnet\/wp-json\/wp\/v2\/pages\/348","targetHints":{"allow":["GET"]}}],"collection":[{"href":"https:\/\/contemplaconsorcios.com.br\/lastnet\/wp-json\/wp\/v2\/pages"}],"about":[{"href":"https:\/\/contemplaconsorcios.com.br\/lastnet\/wp-json\/wp\/v2\/types\/page"}],"author":[{"embeddable":true,"href":"https:\/\/contemplaconsorcios.com.br\/lastnet\/wp-json\/wp\/v2\/users\/1"}],"replies":[{"embeddable":true,"href":"https:\/\/contemplaconsorcios.com.br\/lastnet\/wp-json\/wp\/v2\/comments?post=348"}],"version-history":[{"count":25,"href":"https:\/\/contemplaconsorcios.com.br\/lastnet\/wp-json\/wp\/v2\/pages\/348\/revisions"}],"predecessor-version":[{"id":787,"href":"https:\/\/contemplaconsorcios.com.br\/lastnet\/wp-json\/wp\/v2\/pages\/348\/revisions\/787"}],"wp:attachment":[{"href":"https:\/\/contemplaconsorcios.com.br\/lastnet\/wp-json\/wp\/v2\/media?parent=348"}],"curies":[{"name":"wp","href":"https:\/\/api.w.org\/{rel}","templated":true}]}}